ber?
False
Is 16088216957 a prime number?
True
Is 4135278839 prime?
True
Is 21127288762 prime?
False
Is 124025131591 prime?
False
Is 372629351 prime?
False
Is 445937769094 a prime number?
False
Is 6493645049 composite?
False
Is 2616764399 a prime number?
True
Is 2756246957 prime?
False
Is 55551595861 composite?
True
Is 2353664207 prime?
False
Is 823713811 a composite number?
False
Is 4755091657 composite?
False
Is 77152109 a composite number?
True
Is 7717524811 a prime number?
False
Is 678127783 a composite number?
False
Is 2782700653 composite?
True
Is 420226555209 prime?
False
Is 6552712819 a composite number?
False
Is 1344484951 composite?
True
Is 49420573721 composite?
False
Is 5161728769 a prime number?
False
Is 58753474477 a prime number?
True
Is 203114371 prime?
True
Is 1858202111 composite?
False
Is 1993556597 a prime number?
False
Is 3036346603 a composite number?
True
Is 229352413 a composite number?
False
Is 92052682409 a prime number?
True
Is 3827103151 composite?
True
Is 4944780707 a composite number?
True
Is 11190109619 a composite number?
True
Is 7040813695 a composite number?
True
Is 94558159 prime?
True
Is 215392313 a prime number?
True
Is 262163087 a composite number?
True
Is 480903847 a prime number?
True
Is 3764342237 a composite number?
False
Is 6985499 composite?
False
Is 34273482941 prime?
True
Is 4918543367 a composite number?
True
Is 4473121661 composite?
True
Is 21228881573 a composite number?
True
Is 964540769 prime?
False
Is 26550995521 composite?
False
Is 6202716899 prime?
False
Is 119979605687 composite?
False
Is 42092629 composite?
True
Is 569441713 a composite number?
True
Is 18205200257 a composite number?
False
Is 4104662201 a composite number?
False
Is 26354227619 composite?
False
Is 579774983 a prime number?
True
Is 264800883881 a composite number?
False
Is 97303862543 a prime number?
True
Is 99541618199 composite?
False
Is 365124583453 a prime number?
False
Is 19153143131 a composite number?
True
Is 456303847 a composite number?
False
Is 19670125199 composite?
True
Is 597796977 composite?
True
Is 47985213799 composite?
True
Is 36038722163 a prime number?
True
Is 1466545871 a prime number?
False
Is 17509847413 a prime number?
True
Is 54458538809 composite?
True
Is 7810048529 prime?
True
Is 281654039 a prime number?
False
Is 28565521 prime?
False
Is 3566868013 prime?
False
Is 3096084869 a prime number?
False
Is 12890808593 a composite number?
True
Is 2394178837 a composite number?
True
Is 106173214139 composite?
True
Is 30934771867 a composite number?
False
Is 5854448471 a prime number?
True
Is 157108190287 a composite number?
True
Is 1271840293 composite?
False
Is 35630879807 a composite number?
False
Is 15310646623 composite?
True
Is 50311332439 prime?
False
Is 30003269 prime?
True
Is 2154799099 a prime number?
True
Is 9449734153 composite?
False
Is 1687806833 a composite number?
True
Is 44895357329 a prime number?
True
Is 72835739381 a prime number?
False
Is 8293214663 a prime number?
False
Is 27190311341 composite?
True
Is 41159422589 prime?
True
Is 5665799473 a prime number?
True
Is 40140448379 a composite number?
False
Is 16844386367 a composite number?
False
Is 7499204197 composite?
False
Is 657498559 prime?
False
Is 465155921177 prime?
False
Is 2772233137 a composite number?
True
Is 617060233 a composite number?
False
Is 44893437583 a composite number?
True
Is 29333903101 composite?
False
Is 17149701637 composite?
True
Is 1066004569 a prime number?
False
Is 21253215083 prime?
True
Is 1049190781 a composite number?
False
Is 151333581349 composite?
False
Is 271761379 prime?
False
Is 981129161 prime?
True
Is 3441876293 prime?
True
Is 25374925717 a prime number?
False
Is 13898328079 prime?
True
Is 5466857437 a composite number?
True
Is 1162291201 a composite number?
False
Is 82036327057 prime?
False
Is 91884833 composite?
True
Is 8354651 a prime number?
True
Is 407971393 a composite number?
False
Is 1169485849 a prime number?
False
Is 26070747797 prime?
False
Is 4427932363 a composite number?
True
Is 2053949717 a composite number?
False
Is 87822727823 prime?
False
Is 901799941 prime?
False
Is 2431019387 composite?
False
Is 735415339 a prime number?
True
Is 65243389489 composite?
False
Is 17755430657 composite?
False
Is 37808941 prime?
False
Is 90857513 a composite number?
False
Is 42990947939 composite?
True
Is 2024527361 composite?
False
Is 1463502889 a prime number?
False
Is 48399395195 a composite number?
True
Is 913900579 a prime number?
False
Is 114534167 prime?
False
Is 7872482561 composite?
False
Is 29956222 a composite number?
True
Is 568067471 a composite number?
True
Is 2555068937 a composite number?
False
Is 15401815889 composite?
True
Is 4357951471 a prime number?
True
Is 39950738147 composite?
True
Is 3571391711 a prime number?
False
Is 243305123 prime?
True
Is 10540266413 composite?
True
Is 3658626761 a prime number?
False
Is 9438081509 composite?
True
Is 1376623463 a prime number?
True
Is 81787812703 a prime number?
True
Is 436409557 a prime number?
True
Is 174451397 a prime number?
True
Is 697270739 composite?
True
Is 14732566783 a prime number?
False
Is 543991414 a composite number?
True
Is 283224299 prime?
True
Is 11797094191 a composite number?
True
Is 10940329571 composite?
True
Is 4165231439 a composite number?
False
Is 11768423407 composite?
True
Is 1328081879 a composite number?
False
Is 204011161 a prime number?
False
Is 879230641 prime?
False
Is 484313129 prime?
False
Is 593882881 composite?
True
Is 400558567 a composite number?
False
Is 21860244721 a prime number?
False
Is 4960665097 a composite number?
True
Is 51147555607 composite?
True
Is 3738805969 composite?
True
Is 1899565277 a prime number?
False
Is 5087728379 a prime number?
False
Is 4372494283 a prime number?
True
Is 27410903029 prime?
False
Is 23750864663 a prime number?
True
Is 964374639 composite?
True
Is 22188090493 composite?
True
Is 12868960658 a composite number?
True
Is 360400649 composite?
True
Is 794079453 a composite number?
True
Is 9344988901 prime?
False
Is 12960614221 composite?
False
Is 50870488381 prime?
True
Is 9252185291 composite?
False
Is 36382861 a composite number?
False
Is 12648730033 a prime number?
False
Is 124221548977 composite?
False
Is 898281185 composite?
True
Is 534147773 prime?
True
Is 3314073079 composite?
False
Is 23072158721 a prime number?
False
Is 96192377 a composite number?
False
Is 4680627673 a composite number?
True
Is 354695927 composite?
False
Is 4176176167 composite?
True
Is 5986650899 a composite number?
False
Is 11632926197 prime?
False
Is 3998803787 a composite number?
True
Is 2172780821 composite?
True
Is 71050277 composite?
True
Is 2743795823 prime?
False
Is 21648965749 a composite number?
True
Is 24770720371 a composite number?
False
Is 4627838693 composite?
False
Is 3150899321 a composite number?
False
Is 668054749 a prime number?
True
Is 334830277 composite?
False
Is 4229381521 composite?
False
Is 26889384689 a composite number?
True
Is 1367238109 a prime number?
False
Is 478929587 prime?
False
Is 509198077 a prime number?
True
Is 4478016143 a composite number?
False
Is 8676712987 prime?
True
Is 802029271 a composite number?
True
Is 22725862949 a prime number?
True
Is 2511468073 composite?
False
Is 6183455917 a prime number?
False
Is 112439438861 prime?
False
Is 299445791 composite?
False
Is 14034818377 a prime number?
True
Is 22123874287 composite?
True
Is 93489777947 a prime number?
True
Is 181710769111 a composite number?
False
Is 32957460551 prime?
True
Is 20019292694 a prime number?
False
Is 860238619 composite?
True
Is 9283172299 prime?
True
Is 13943262857 prime?
False
Is 696226694 composite?
True
Is 40322209 composite?
True
Is 68654725327 a composite number?
True
Is 2057282389 a prime number?
True
Is 954857359 a composite number?
False
Is 672673831 a composite number?
True
Is 6240894113 a prime number?
True
Is 3115236479 prime?
True
Is 20375569187 a composite number?
False
Is 1906106729 a prime number?
True
Is 16743515041 a prime number?
False
Is 40495413557 prime?
False
Is 192344819105 prime?
False
Is 140035041689 prime?
False
Is 37740310711 a composite number?
False
Is 1478639003 composite?
False
Is 4804635179 a prime number?
True
Is 4398116071 composite?
